{"id":435,"date":"2024-05-29T11:44:43","date_gmt":"2024-05-29T11:44:43","guid":{"rendered":"https:\/\/ainoraivio.fi\/?page_id=435"},"modified":"2024-09-01T12:49:41","modified_gmt":"2024-09-01T12:49:41","slug":"preise","status":"publish","type":"page","link":"https:\/\/ainoraivio.fi\/index.php\/deutsch\/preise\/","title":{"rendered":"Preise"},"content":{"rendered":"\n<div class=\"wp-block-group is-layout-flow wp-container-core-group-is-layout-a77db08e wp-block-group-is-layout-flow\">\n<p class=\"has-text-align-center\">Alle Preise verstehen sich inklusive 25,5 % MwSt. und Fahrtkosten bis 25 km vom Zentrum Jyv\u00e4skyl\u00e4s. Zus\u00e4tzliche Kilometer 0,70 \u20ac\/km. Bei mehreren Kunden werden die Fahrtkosten auf die Kunden aufgeteilt.<\/p>\n\n\n\n<p class=\"has-base-2-color has-text-color has-link-color wp-elements-b3c78daeed178b6c15a31b14dd5cfd44\">..<\/p>\n\n\n\n<div class=\"wp-block-group is-vertical is-layout-flex wp-container-core-group-is-layout-4a6735d8 wp-block-group-is-layout-flex\" style=\"margin-top:0;margin-bottom:0;padding-right:var(--wp--preset--spacing--60);padding-left:var(--wp--preset--spacing--60)\">\n<details class=\"wp-block-details is-style-default has-heading-font-family has-large-font-size is-layout-flow wp-container-core-details-is-layout-a13d81ef wp-block-details-is-layout-flow\" style=\"margin-top:var(--wp--preset--spacing--10);margin-right:var(--wp--preset--spacing--20);margin-bottom:var(--wp--preset--spacing--10);margin-left:var(--wp--preset--spacing--20);font-style:normal;font-weight:500\"><summary>Ausbildung 1 Std.<\/summary>\n<figure class=\"wp-block-table is-style-stripes has-body-font-family has-medium-font-size\"><table><tbody><tr><td class=\"has-text-align-left\" data-align=\"left\">Normaler Preis<\/td><td>70\u20ac<\/td><td><\/td><\/tr><tr><td class=\"has-text-align-left\" data-align=\"left\">Stammkunden<\/td><td>60\u20ac<\/td><td>Mindestens 3 Mal pro Monat oder mehrere Kunden im selben Stall.<\/td><\/tr><tr><td class=\"has-text-align-left\" data-align=\"left\"><mark style=\"background-color:rgba(0, 0, 0, 0)\" class=\"has-inline-color has-base-color\">..<\/mark><\/td><td><\/td><td><\/td><\/tr><tr><td class=\"has-text-align-left\" data-align=\"left\">Onlinetraining<\/td><td>50\u20ac<\/td><td><\/td><\/tr><tr><td class=\"has-text-align-left\" data-align=\"left\">Onlinetraining f\u00fcr Stammkunden<\/td><td>45\u20ac<\/td><td>Mindestens 3 Mal pro Monat.<\/td><\/tr><tr><td class=\"has-text-align-left\" data-align=\"left\"><mark style=\"background-color:rgba(0, 0, 0, 0)\" class=\"has-inline-color has-base-color\">&#8230;&#8230;&#8230;&#8230;&#8230;&#8230;&#8230;&#8230;&#8230;&#8230;&#8230;.. &#8230;&#8230;&#8230;&#8230;&#8230;&#8230;&#8230;&#8230;.. .       &#8230;&#8230;..<\/mark><\/td><td><\/td><td><\/td><\/tr><tr><td class=\"has-text-align-left\" data-align=\"left\">Ausbildung, 2 Kunden gleichzeitig<\/td><td>50\u20ac<\/td><td>Preis pro Kunde<\/td><\/tr><tr><td class=\"has-text-align-left\" data-align=\"left\">Stammkunden, 2 auf einmal<\/td><td>45\u20ac<\/td><td>Preis pro Kunde, mindestens 3 Mal pro Monat oder mehrere Kunden im selben Stall.<\/td><\/tr><\/tbody><\/table><\/figure>\n<\/details>\n\n\n\n<details class=\"wp-block-details is-style-default has-heading-font-family has-large-font-size is-layout-flow wp-container-core-details-is-layout-a13d81ef wp-block-details-is-layout-flow\" style=\"margin-top:var(--wp--preset--spacing--10);margin-right:var(--wp--preset--spacing--20);margin-bottom:var(--wp--preset--spacing--10);margin-left:var(--wp--preset--spacing--20);font-style:normal;font-weight:500\"><summary>Ausbildung von Pferden 1 Std.<\/summary>\n<figure class=\"wp-block-table is-style-stripes has-body-font-family has-medium-font-size\"><table><tbody><tr><td>Normaler preis<\/td><td>70\u20ac<\/td><td><mark style=\"background-color:rgba(0, 0, 0, 0)\" class=\"has-inline-color has-base-color\"><\/mark><\/td><\/tr><tr><td>Stammkunden <mark style=\"background-color:rgba(0, 0, 0, 0)\" class=\"has-inline-color has-base-color\">&#8230;&#8230;&#8230;.. &#8230;&#8230;&#8230;&#8230;&#8230;&#8230; &#8230;&#8230;&#8230;&#8230;.. .<\/mark><\/td><td>60\u20ac<\/td><td>Mindestens 3 Mal pro Monat oder mehrere Kunden im selben Stall. <mark style=\"background-color:rgba(0, 0, 0, 0)\" class=\"has-inline-color has-base-color\">&#8230;&#8230;&#8230;&#8230; &#8230;&#8230;&#8230;.. &#8230;&#8230;&#8230;.<\/mark><\/td><\/tr><\/tbody><\/table><\/figure>\n<\/details>\n\n\n\n<details class=\"wp-block-details is-style-default has-heading-font-family has-large-font-size is-layout-flow wp-container-core-details-is-layout-a13d81ef wp-block-details-is-layout-flow\" style=\"margin-top:var(--wp--preset--spacing--10);margin-right:var(--wp--preset--spacing--20);margin-bottom:var(--wp--preset--spacing--10);margin-left:var(--wp--preset--spacing--20);font-style:normal;font-weight:500\"><summary>Pferd flechten und versch\u00f6nern ~1,5 Std.<\/summary>\n<figure class=\"wp-block-table is-style-stripes has-body-font-family has-medium-font-size\"><table><tbody><tr><td>Normaler preis<\/td><td>70\u20ac<\/td><td><\/td><\/tr><tr><td>Mehrere Pferde im selben Stall<mark style=\"background-color:rgba(0, 0, 0, 0)\" class=\"has-inline-color has-base-color\">. &#8230;.   .    .   &#8230;&#8230;.<\/mark><\/td><td>60\u20ac<\/td><td><mark style=\"background-color:rgba(0, 0, 0, 0)\" class=\"has-inline-color has-base-color\">&#8230;&#8230;&#8230;&#8230;. &#8230;&#8230;&#8230;&#8230;&#8230;. &#8230;&#8230;&#8230; &#8230;&#8230;&#8230;&#8230;&#8230;&#8230;&#8230;&#8230;&#8230;&#8230;&#8230; &#8230;&#8230;&#8230;&#8230;&#8230;.. &#8230;&#8230;&#8230;&#8230;&#8230;&#8230;&#8230;&#8230;&#8230;&#8230;.. &#8230;&#8230;&#8230;&#8230;&#8230;&#8230;&#8230;&#8230;<\/mark><\/td><\/tr><\/tbody><\/table><\/figure>\n<\/details>\n\n\n\n<details class=\"wp-block-details is-style-default has-heading-font-family has-large-font-size is-layout-flow wp-container-core-details-is-layout-a13d81ef wp-block-details-is-layout-flow\" style=\"margin-top:var(--wp--preset--spacing--10);margin-right:var(--wp--preset--spacing--20);margin-bottom:var(--wp--preset--spacing--10);margin-left:var(--wp--preset--spacing--20);font-style:normal;font-weight:500\"><summary>F\u00fcr Unternehmen<\/summary>\n<figure class=\"wp-block-table is-style-stripes has-body-font-family has-medium-font-size\"><table><tbody><tr><td>Reitunterricht, Pferdeausbildung, Pferdepflegekurse.<\/td><td><\/td><\/tr><tr><td>Ab 45\u20ac pro Stunde (inkl. MwSt.), fordern Sie ein Angebot an!<\/td><td><\/td><\/tr><tr><td>Der Preis richtet sich nach der Menge, Regelm\u00e4\u00dfigkeit und Kontinuit\u00e4t der ben\u00f6tigten Leistungen.<\/td><td><\/td><\/tr><\/tbody><\/table><\/figure>\n<\/details>\n\n\n\n<details class=\"wp-block-details is-style-default has-heading-font-family has-large-font-size is-layout-flow wp-container-core-details-is-layout-a13d81ef wp-block-details-is-layout-flow\" style=\"margin-top:var(--wp--preset--spacing--10);margin-right:var(--wp--preset--spacing--20);margin-bottom:var(--wp--preset--spacing--10);margin-left:var(--wp--preset--spacing--20);font-style:normal;font-weight:500\"><summary>Terminabsagen<\/summary>\n<figure class=\"wp-block-table is-style-stripes has-body-font-family has-medium-font-size\"><table><tbody><tr><td>S\u00e4mtliche Terminabsagen m\u00fcssen schnellstm\u00f6glich schriftlich per SMS oder Whatsapp gemeldet werden.<\/td><td><\/td><\/tr><tr><td>Absagen mehr als 24 Stunden vor dem Termin sind kostenfrei.<\/td><td><\/td><\/tr><tr><td>Absagen, die zwischen 8 und 24 Stunden vor dem Termin erfolgen, kosten 50 % des Listenpreises der gebuchten Leistung.<\/td><td><\/td><\/tr><tr><td>Absagen, die zwischen 4 und 8 Stunden vor dem Termin erfolgen, kosten 75 % des Listenpreises der gebuchten Leistung.<\/td><td><\/td><\/tr><tr><td>Absagen, die weniger als 4 Stunden vor dem Termin erfolgen, kosten 100 % des Listenpreises der gebuchten Leistung.<\/td><td><\/td><\/tr><tr><td>Keine Kosten bei Absagen aufgrund einer nachgewiesenen pl\u00f6tzlichen Erkrankung oder eines Unfalls des Kunden oder des Pferdes.<\/td><td><\/td><\/tr><\/tbody><\/table><\/figure>\n<\/details>\n<\/div>\n\n\n\n<p class=\"has-base-2-color has-text-color has-link-color wp-elements-b3c78daeed178b6c15a31b14dd5cfd44\">..<\/p>\n\n\n\n<div class=\"wp-block-group is-vertical is-content-justification-stretch is-layout-flex wp-container-core-group-is-layout-9bd21984 wp-block-group-is-layout-flex\" style=\"margin-top:0;margin-bottom:0;padding-right:var(--wp--preset--spacing--60);padding-left:var(--wp--preset--spacing--60)\">\n<div class=\"wp-block-group is-content-justification-center is-nowrap is-layout-flex wp-container-core-group-is-layout-b3541762 wp-block-group-is-layout-flex\" style=\"padding-right:0;padding-left:0\">\n<figure class=\"wp-block-image size-large is-resized has-custom-border\"><img loading=\"lazy\" decoding=\"async\" width=\"1024\" height=\"684\" src=\"https:\/\/ainoraivio.fi\/wp-content\/uploads\/2024\/05\/IMG_0023-1024x684.jpg\" alt=\"\" class=\"wp-image-103\" style=\"border-radius:100px;aspect-ratio:1;object-fit:cover;width:325px;height:auto\" srcset=\"https:\/\/ainoraivio.fi\/wp-content\/uploads\/2024\/05\/IMG_0023-1024x684.jpg 1024w, https:\/\/ainoraivio.fi\/wp-content\/uploads\/2024\/05\/IMG_0023-300x200.jpg 300w, https:\/\/ainoraivio.fi\/wp-content\/uploads\/2024\/05\/IMG_0023-768x513.jpg 768w, https:\/\/ainoraivio.fi\/wp-content\/uploads\/2024\/05\/IMG_0023-1536x1025.jpg 1536w, https:\/\/ainoraivio.fi\/wp-content\/uploads\/2024\/05\/IMG_0023-2048x1367.jpg 2048w\" sizes=\"auto, (max-width: 1024px) 100vw, 1024px\" \/><\/figure>\n\n\n\n<figure class=\"wp-block-image size-large is-resized has-custom-border\"><img loading=\"lazy\" decoding=\"async\" width=\"1024\" height=\"683\" src=\"https:\/\/ainoraivio.fi\/wp-content\/uploads\/2024\/05\/DSC_0833-1024x683.jpg\" alt=\"\" class=\"wp-image-102\" style=\"border-radius:100px;aspect-ratio:1;object-fit:cover;width:325px\" srcset=\"https:\/\/ainoraivio.fi\/wp-content\/uploads\/2024\/05\/DSC_0833-1024x683.jpg 1024w, https:\/\/ainoraivio.fi\/wp-content\/uploads\/2024\/05\/DSC_0833-300x200.jpg 300w, https:\/\/ainoraivio.fi\/wp-content\/uploads\/2024\/05\/DSC_0833-768x512.jpg 768w, https:\/\/ainoraivio.fi\/wp-content\/uploads\/2024\/05\/DSC_0833-1536x1024.jpg 1536w, https:\/\/ainoraivio.fi\/wp-content\/uploads\/2024\/05\/DSC_0833-2048x1365.jpg 2048w\" sizes=\"auto, (max-width: 1024px) 100vw, 1024px\" \/><\/figure>\n\n\n\n<figure class=\"wp-block-image size-large is-resized has-custom-border\"><img loading=\"lazy\" decoding=\"async\" width=\"1024\" height=\"569\" src=\"https:\/\/ainoraivio.fi\/wp-content\/uploads\/2024\/05\/otsake-1024x569.jpg\" alt=\"\" class=\"wp-image-86\" style=\"border-radius:100px;aspect-ratio:1;object-fit:cover;width:325px\" srcset=\"https:\/\/ainoraivio.fi\/wp-content\/uploads\/2024\/05\/otsake-1024x569.jpg 1024w, https:\/\/ainoraivio.fi\/wp-content\/uploads\/2024\/05\/otsake-300x167.jpg 300w, https:\/\/ainoraivio.fi\/wp-content\/uploads\/2024\/05\/otsake-768x427.jpg 768w, https:\/\/ainoraivio.fi\/wp-content\/uploads\/2024\/05\/otsake-1536x853.jpg 1536w, https:\/\/ainoraivio.fi\/wp-content\/uploads\/2024\/05\/otsake.jpg 1791w\" sizes=\"auto, (max-width: 1024px) 100vw, 1024px\" \/><\/figure>\n<\/div>\n<\/div>\n\n\n\n<p class=\"has-base-2-color has-text-color has-link-color wp-elements-b3c78daeed178b6c15a31b14dd5cfd44\">..<\/p>\n\n\n\n<p class=\"has-base-2-color has-text-color has-link-color wp-elements-b3c78daeed178b6c15a31b14dd5cfd44\">..<\/p>\n<\/div>\n","protected":false},"excerpt":{"rendered":"<p>Alle Preise verstehen sich inklusive 25,5 % MwSt. und Fahrtkosten bis 25 km vom Zentrum Jyv\u00e4skyl\u00e4s. Zus\u00e4tzliche Kilometer 0,70 \u20ac\/km. Bei mehreren Kunden werden die Fahrtkosten auf die Kunden aufgeteilt. .. .. .. ..<\/p>\n","protected":false},"author":1,"featured_media":0,"parent":40,"menu_order":0,"comment_status":"closed","ping_status":"closed","template":"toimivasuomisivu","meta":{"footnotes":""},"class_list":["post-435","page","type-page","status-publish","hentry"],"_links":{"self":[{"href":"https:\/\/ainoraivio.fi\/index.php\/wp-json\/wp\/v2\/pages\/435","targetHints":{"allow":["GET"]}}],"collection":[{"href":"https:\/\/ainoraivio.fi\/index.php\/wp-json\/wp\/v2\/pages"}],"about":[{"href":"https:\/\/ainoraivio.fi\/index.php\/wp-json\/wp\/v2\/types\/page"}],"author":[{"embeddable":true,"href":"https:\/\/ainoraivio.fi\/index.php\/wp-json\/wp\/v2\/users\/1"}],"replies":[{"embeddable":true,"href":"https:\/\/ainoraivio.fi\/index.php\/wp-json\/wp\/v2\/comments?post=435"}],"version-history":[{"count":9,"href":"https:\/\/ainoraivio.fi\/index.php\/wp-json\/wp\/v2\/pages\/435\/revisions"}],"predecessor-version":[{"id":551,"href":"https:\/\/ainoraivio.fi\/index.php\/wp-json\/wp\/v2\/pages\/435\/revisions\/551"}],"up":[{"embeddable":true,"href":"https:\/\/ainoraivio.fi\/index.php\/wp-json\/wp\/v2\/pages\/40"}],"wp:attachment":[{"href":"https:\/\/ainoraivio.fi\/index.php\/wp-json\/wp\/v2\/media?parent=435"}],"curies":[{"name":"wp","href":"https:\/\/api.w.org\/{rel}","templated":true}]}}