{"id":309,"date":"2024-05-28T12:12:28","date_gmt":"2024-05-28T12:12:28","guid":{"rendered":"https:\/\/ainoraivio.fi\/?page_id=309"},"modified":"2024-10-24T09:38:34","modified_gmt":"2024-10-24T09:38:34","slug":"asiakaspalaute","status":"publish","type":"page","link":"https:\/\/ainoraivio.fi\/index.php\/suomi\/asiakaspalaute\/","title":{"rendered":"Asiakaskokemuksia"},"content":{"rendered":"\n<div class=\"wp-block-group is-content-justification-center is-nowrap is-layout-flex wp-container-core-group-is-layout-e132ec16 wp-block-group-is-layout-flex\" style=\"margin-top:var(--wp--preset--spacing--20);margin-bottom:var(--wp--preset--spacing--20)\">\n<figure class=\"wp-block-image size-full is-resized has-custom-border\"><img loading=\"lazy\" decoding=\"async\" width=\"803\" height=\"803\" src=\"https:\/\/ainoraivio.fi\/wp-content\/uploads\/2024\/10\/jekku2-edited-2.jpg\" alt=\"\" class=\"wp-image-599\" style=\"border-radius:100px;width:422px;height:auto\" srcset=\"https:\/\/ainoraivio.fi\/wp-content\/uploads\/2024\/10\/jekku2-edited-2.jpg 803w, https:\/\/ainoraivio.fi\/wp-content\/uploads\/2024\/10\/jekku2-edited-2-300x300.jpg 300w, https:\/\/ainoraivio.fi\/wp-content\/uploads\/2024\/10\/jekku2-edited-2-150x150.jpg 150w, https:\/\/ainoraivio.fi\/wp-content\/uploads\/2024\/10\/jekku2-edited-2-768x768.jpg 768w\" sizes=\"auto, (max-width: 803px) 100vw, 803px\" \/><\/figure>\n\n\n\n<details class=\"wp-block-details has-heading-font-family has-large-font-size wp-container-content-885d38d7 is-layout-flow wp-container-core-details-is-layout-ad1dd0fc wp-block-details-is-layout-flow\" style=\"padding-right:var(--wp--preset--spacing--10);padding-left:var(--wp--preset--spacing--10)\"><summary>Jaana, Minna &amp; J\u00f6kull fr\u00e1 Nevala &#8221;Jekku&#8221;<\/summary>\n<p class=\"has-body-font-family has-medium-font-size\" style=\"padding-top:var(--wp--preset--spacing--10)\">Yhteisomistuksessa olevasta Jekku-issikastamme on kasvanut Ainon koulutuksen ansiosta eritt\u00e4in pehmeill\u00e4 avuilla toimiva kuuliainen tulevaisuuden tuntiratsu. Me omistajat saamme hyvi\u00e4 selkeit\u00e4 ohjeita ja jos joku asia ep\u00e4ilytt\u00e4\u00e4, niin Aino osaa antaa niihin vastauksen. Aino on helposti l\u00e4hestytt\u00e4v\u00e4, rauhallinen ja m\u00e4\u00e4r\u00e4tietoinen hevosalan ammattilainen. Vahva suositus Ainolle! -Jaana<\/p>\n\n\n\n<p class=\"has-body-font-family has-medium-font-size\" style=\"padding-top:var(--wp--preset--spacing--20)\">Olen niin onnellinen, ett\u00e4 Aino l\u00f6ytyi kouluttajaksi meid\u00e4n yhteisomistuksessa olevalle v\u00e4h\u00e4n haastavalle issikalle. Aino on tehnyt m\u00e4\u00e4r\u00e4tietoista ja lempe\u00e4\u00e4 ty\u00f6t\u00e4 ja opettaa my\u00f6s kannustavasti meit\u00e4 omistajia ty\u00f6skentelem\u00e4\u00e4n heppamme kanssa. Aino on super ammattilainen! -Minna<\/p>\n\n\n\n<p><\/p>\n\n\n\n<p class=\"has-text-align-center has-body-font-family has-small-font-size\"><\/p>\n\n\n\n<p class=\"has-base-2-color has-text-color has-link-color wp-elements-b3c78daeed178b6c15a31b14dd5cfd44\">..<\/p>\n\n\n\n<div class=\"wp-block-group is-content-justification-left is-layout-flex wp-container-core-group-is-layout-bc8e6f51 wp-block-group-is-layout-flex\">\n<figure class=\"wp-block-image size-large is-resized has-custom-border\"><img loading=\"lazy\" decoding=\"async\" width=\"1024\" height=\"1024\" src=\"https:\/\/ainoraivio.fi\/wp-content\/uploads\/2024\/10\/20240806_151255-1024x1024.jpg\" alt=\"\" class=\"wp-image-602\" style=\"border-style:none;border-width:0px;border-radius:100px;width:450px\" srcset=\"https:\/\/ainoraivio.fi\/wp-content\/uploads\/2024\/10\/20240806_151255-1024x1024.jpg 1024w, https:\/\/ainoraivio.fi\/wp-content\/uploads\/2024\/10\/20240806_151255-300x300.jpg 300w, https:\/\/ainoraivio.fi\/wp-content\/uploads\/2024\/10\/20240806_151255-150x150.jpg 150w, https:\/\/ainoraivio.fi\/wp-content\/uploads\/2024\/10\/20240806_151255-768x768.jpg 768w, https:\/\/ainoraivio.fi\/wp-content\/uploads\/2024\/10\/20240806_151255-1536x1536.jpg 1536w, https:\/\/ainoraivio.fi\/wp-content\/uploads\/2024\/10\/20240806_151255-2048x2048.jpg 2048w\" sizes=\"auto, (max-width: 1024px) 100vw, 1024px\" \/><\/figure>\n\n\n\n<figure class=\"wp-block-image size-full is-resized has-custom-border\"><img loading=\"lazy\" decoding=\"async\" width=\"453\" height=\"453\" src=\"https:\/\/ainoraivio.fi\/wp-content\/uploads\/2024\/10\/jekku4-edited.png\" alt=\"\" class=\"wp-image-601\" style=\"border-radius:100px;width:450px\" srcset=\"https:\/\/ainoraivio.fi\/wp-content\/uploads\/2024\/10\/jekku4-edited.png 453w, https:\/\/ainoraivio.fi\/wp-content\/uploads\/2024\/10\/jekku4-edited-300x300.png 300w, https:\/\/ainoraivio.fi\/wp-content\/uploads\/2024\/10\/jekku4-edited-150x150.png 150w\" sizes=\"auto, (max-width: 453px) 100vw, 453px\" \/><\/figure>\n<\/div>\n<\/details>\n<\/div>\n\n\n\n<div class=\"wp-block-group is-content-justification-center is-nowrap is-layout-flex wp-container-core-group-is-layout-e132ec16 wp-block-group-is-layout-flex\" style=\"margin-top:var(--wp--preset--spacing--20);margin-bottom:var(--wp--preset--spacing--20)\">\n<figure class=\"wp-block-image size-full is-resized has-custom-border\"><img loading=\"lazy\" decoding=\"async\" width=\"534\" height=\"534\" src=\"https:\/\/ainoraivio.fi\/wp-content\/uploads\/2024\/10\/20240723_1236372-edited.jpg\" alt=\"\" class=\"wp-image-588\" style=\"border-radius:100px;width:422px;height:auto\" srcset=\"https:\/\/ainoraivio.fi\/wp-content\/uploads\/2024\/10\/20240723_1236372-edited.jpg 534w, https:\/\/ainoraivio.fi\/wp-content\/uploads\/2024\/10\/20240723_1236372-edited-300x300.jpg 300w, https:\/\/ainoraivio.fi\/wp-content\/uploads\/2024\/10\/20240723_1236372-edited-150x150.jpg 150w\" sizes=\"auto, (max-width: 534px) 100vw, 534px\" \/><\/figure>\n\n\n\n<details class=\"wp-block-details has-heading-font-family has-large-font-size wp-container-content-885d38d7 is-layout-flow wp-container-core-details-is-layout-ad1dd0fc wp-block-details-is-layout-flow\" style=\"padding-right:var(--wp--preset--spacing--10);padding-left:var(--wp--preset--spacing--10)\"><summary>Teija, Talli Furuvatni<\/summary>\n<p class=\"has-body-font-family has-medium-font-size\" style=\"padding-top:var(--wp--preset--spacing--20);padding-bottom:var(--wp--preset--spacing--20)\">Aino on tehnyt hienoa ty\u00f6t\u00e4 tallimme asiakashevosten kanssa. H\u00e4n on saanut niiden askellajeihin lis\u00e4\u00e4 tahdikkuutta, sek\u00e4 ty\u00f6skentelyyn rentoutta ja toimivuutta. Kiitos siit\u00e4!<\/p>\n\n\n\n<p class=\"has-text-align-center has-body-font-family has-small-font-size\"><\/p>\n\n\n\n<p class=\"has-base-2-color has-text-color has-link-color wp-elements-b3c78daeed178b6c15a31b14dd5cfd44\">..<\/p>\n\n\n\n<div class=\"wp-block-group is-content-justification-left is-layout-flex wp-container-core-group-is-layout-bc8e6f51 wp-block-group-is-layout-flex\">\n<figure class=\"wp-block-image size-large is-resized has-custom-border\"><img loading=\"lazy\" decoding=\"async\" width=\"2024\" height=\"2024\" src=\"https:\/\/ainoraivio.fi\/wp-content\/uploads\/2024\/10\/20240705_113134-edited.jpg\" alt=\"\" class=\"wp-image-597\" style=\"border-radius:100px;object-fit:cover;width:450px;height:450px\" srcset=\"https:\/\/ainoraivio.fi\/wp-content\/uploads\/2024\/10\/20240705_113134-edited.jpg 2024w, https:\/\/ainoraivio.fi\/wp-content\/uploads\/2024\/10\/20240705_113134-edited-300x300.jpg 300w, https:\/\/ainoraivio.fi\/wp-content\/uploads\/2024\/10\/20240705_113134-edited-1024x1024.jpg 1024w, https:\/\/ainoraivio.fi\/wp-content\/uploads\/2024\/10\/20240705_113134-edited-150x150.jpg 150w, https:\/\/ainoraivio.fi\/wp-content\/uploads\/2024\/10\/20240705_113134-edited-768x768.jpg 768w, https:\/\/ainoraivio.fi\/wp-content\/uploads\/2024\/10\/20240705_113134-edited-1536x1536.jpg 1536w\" sizes=\"auto, (max-width: 2024px) 100vw, 2024px\" \/><\/figure>\n\n\n\n<figure class=\"wp-block-image size-large is-resized has-custom-border\"><img loading=\"lazy\" decoding=\"async\" width=\"1024\" height=\"782\" src=\"https:\/\/ainoraivio.fi\/wp-content\/uploads\/2024\/10\/papu2-1024x782.png\" alt=\"\" class=\"wp-image-598\" style=\"border-radius:100px;object-fit:cover;width:450px;height:450px\" srcset=\"https:\/\/ainoraivio.fi\/wp-content\/uploads\/2024\/10\/papu2-1024x782.png 1024w, https:\/\/ainoraivio.fi\/wp-content\/uploads\/2024\/10\/papu2-300x229.png 300w, https:\/\/ainoraivio.fi\/wp-content\/uploads\/2024\/10\/papu2-768x587.png 768w, https:\/\/ainoraivio.fi\/wp-content\/uploads\/2024\/10\/papu2.png 1059w\" sizes=\"auto, (max-width: 1024px) 100vw, 1024px\" \/><\/figure>\n<\/div>\n<\/details>\n<\/div>\n\n\n\n<div class=\"wp-block-group is-content-justification-center is-nowrap is-layout-flex wp-container-core-group-is-layout-e132ec16 wp-block-group-is-layout-flex\" style=\"margin-top:var(--wp--preset--spacing--20);margin-bottom:var(--wp--preset--spacing--20)\">\n<figure class=\"wp-block-image size-full is-resized has-custom-border\"><img loading=\"lazy\" decoding=\"async\" width=\"477\" height=\"512\" src=\"https:\/\/ainoraivio.fi\/wp-content\/uploads\/2024\/10\/jomppa.png\" alt=\"\" class=\"wp-image-594\" style=\"border-radius:100px;width:422px;height:auto\" srcset=\"https:\/\/ainoraivio.fi\/wp-content\/uploads\/2024\/10\/jomppa.png 477w, https:\/\/ainoraivio.fi\/wp-content\/uploads\/2024\/10\/jomppa-279x300.png 279w\" sizes=\"auto, (max-width: 477px) 100vw, 477px\" \/><\/figure>\n\n\n\n<details class=\"wp-block-details has-heading-font-family has-large-font-size wp-container-content-885d38d7 is-layout-flow wp-container-core-details-is-layout-ad1dd0fc wp-block-details-is-layout-flow\" style=\"padding-right:var(--wp--preset--spacing--10);padding-left:var(--wp--preset--spacing--10)\"><summary>Anne &amp; J\u00f3n fr\u00e1 Nevala &#8221;Jomppa&#8221;<\/summary>\n<p class=\"has-body-font-family has-medium-font-size\" style=\"padding-top:var(--wp--preset--spacing--20);padding-bottom:var(--wp--preset--spacing--20)\">Meid\u00e4n mukavasta maastomoposta kuoriutui oikein kiva ja motivoitunut ratsu my\u00f6s kent\u00e4ll\u00e4 ty\u00f6skentelyyn. Joka on alkanut toimia pienill\u00e4 avuilla Ainon opissa. My\u00f6s omistaja on saanut hyvi\u00e4 ohjeita ja oivalluksia ratsastukseen. L\u00e4mmin suositus!<\/p>\n\n\n\n<p class=\"has-text-align-center has-body-font-family has-small-font-size\"><\/p>\n\n\n\n<p class=\"has-base-2-color has-text-color has-link-color wp-elements-b3c78daeed178b6c15a31b14dd5cfd44\">..<\/p>\n\n\n\n<div class=\"wp-block-group is-content-justification-left is-layout-flex wp-container-core-group-is-layout-bc8e6f51 wp-block-group-is-layout-flex\"><\/div>\n<\/details>\n<\/div>\n\n\n\n<div class=\"wp-block-group is-content-justification-center is-nowrap is-layout-flex wp-container-core-group-is-layout-e132ec16 wp-block-group-is-layout-flex\" style=\"margin-top:var(--wp--preset--spacing--20);margin-bottom:var(--wp--preset--spacing--20)\">\n<figure class=\"wp-block-image size-large is-resized has-custom-border\"><img loading=\"lazy\" decoding=\"async\" width=\"1109\" height=\"1110\" src=\"https:\/\/ainoraivio.fi\/wp-content\/uploads\/2024\/05\/ivy3-edited.jpg\" alt=\"\" class=\"wp-image-409\" style=\"border-radius:100px;width:422px;height:auto\" srcset=\"https:\/\/ainoraivio.fi\/wp-content\/uploads\/2024\/05\/ivy3-edited.jpg 1109w, https:\/\/ainoraivio.fi\/wp-content\/uploads\/2024\/05\/ivy3-edited-300x300.jpg 300w, https:\/\/ainoraivio.fi\/wp-content\/uploads\/2024\/05\/ivy3-edited-1024x1024.jpg 1024w, https:\/\/ainoraivio.fi\/wp-content\/uploads\/2024\/05\/ivy3-edited-150x150.jpg 150w, https:\/\/ainoraivio.fi\/wp-content\/uploads\/2024\/05\/ivy3-edited-768x769.jpg 768w\" sizes=\"auto, (max-width: 1109px) 100vw, 1109px\" \/><\/figure>\n\n\n\n<details class=\"wp-block-details has-heading-font-family has-large-font-size wp-container-content-885d38d7 is-layout-flow wp-container-core-details-is-layout-ad1dd0fc wp-block-details-is-layout-flow\" style=\"padding-right:var(--wp--preset--spacing--10);padding-left:var(--wp--preset--spacing--10)\"><summary>Ivy-Marie &amp; Heavens-Baelfire<\/summary>\n<p class=\"has-body-font-family has-medium-font-size\" style=\"padding-top:var(--wp--preset--spacing--20);padding-bottom:var(--wp--preset--spacing--20)\">Rakas Aino,<br>minun ja 6-vuotiaan ruunani Heavens-Baelfiren on onni oppia sinun intensiivisten ja opettavaisten tuntiesi hyv\u00e4ss\u00e4 ilmapiiriss\u00e4, miksi ratsastamme niin kuin ratsastamme ja kuinka kaunista, yksinkertaista ja hienovaraista se voi olla.<br>Kolme vuotta sitten autoit minua muuttamaan silloin 3-vuotiaan raa&#8217;an hevoseni ratsuksi. Aloittaen maastaty\u00f6skentelyst\u00e4 ja juoksuttamisesta, joita opetit Baelfirelle ja minulle hell\u00e4sti, mutta johdonmukaisesti. Ja vuotta my\u00f6hemmin aloimme ratsastaa samalla hell\u00e4ll\u00e4, rauhallisella ja johdonmukaisella tavalla. En voi kuvitella parempaa valmentajaa. Sin\u00e4 suhtaudut jokaisen ratsastajan ja hevosen luonteeseen ja taitotasoon yksil\u00f6n\u00e4. Autat my\u00f6s kaikkien pienien ja suurien ongelmien kanssa ja yrit\u00e4t ratkaista ne mahdollisimman hevosyst\u00e4v\u00e4llisell\u00e4 tavalla.<br>Toivon viel\u00e4 lis\u00e4\u00e4 kiinnostavia ja innostavia tunteja sinun kanssasi.<\/p>\n\n\n\n<p class=\"has-text-align-center has-body-font-family has-small-font-size\"><em><strong>k\u00e4\u00e4nnetty saksasta<\/strong><\/em><\/p>\n\n\n\n<p class=\"has-base-2-color has-text-color has-link-color wp-elements-b3c78daeed178b6c15a31b14dd5cfd44\">..<\/p>\n\n\n\n<div class=\"wp-block-group is-content-justification-left is-layout-flex wp-container-core-group-is-layout-bc8e6f51 wp-block-group-is-layout-flex\">\n<figure class=\"wp-block-image size-large is-resized has-custom-border\"><img loading=\"lazy\" decoding=\"async\" width=\"1536\" height=\"1152\" src=\"https:\/\/ainoraivio.fi\/wp-content\/uploads\/2024\/05\/ivy2-edited.jpg\" alt=\"\" class=\"wp-image-411\" style=\"border-radius:100px;aspect-ratio:1;object-fit:cover;width:auto;height:450px\" srcset=\"https:\/\/ainoraivio.fi\/wp-content\/uploads\/2024\/05\/ivy2-edited.jpg 1536w, https:\/\/ainoraivio.fi\/wp-content\/uploads\/2024\/05\/ivy2-edited-300x225.jpg 300w, https:\/\/ainoraivio.fi\/wp-content\/uploads\/2024\/05\/ivy2-edited-1024x768.jpg 1024w, https:\/\/ainoraivio.fi\/wp-content\/uploads\/2024\/05\/ivy2-edited-768x576.jpg 768w\" sizes=\"auto, (max-width: 1536px) 100vw, 1536px\" \/><\/figure>\n\n\n\n<figure class=\"wp-block-image size-large is-resized has-custom-border\"><img loading=\"lazy\" decoding=\"async\" width=\"697\" height=\"1024\" src=\"https:\/\/ainoraivio.fi\/wp-content\/uploads\/2024\/05\/ivy1-697x1024.jpg\" alt=\"\" class=\"wp-image-412\" style=\"border-radius:100px;object-fit:cover;width:320px;height:450px\" srcset=\"https:\/\/ainoraivio.fi\/wp-content\/uploads\/2024\/05\/ivy1-697x1024.jpg 697w, https:\/\/ainoraivio.fi\/wp-content\/uploads\/2024\/05\/ivy1-204x300.jpg 204w, https:\/\/ainoraivio.fi\/wp-content\/uploads\/2024\/05\/ivy1-768x1128.jpg 768w, https:\/\/ainoraivio.fi\/wp-content\/uploads\/2024\/05\/ivy1-1045x1536.jpg 1045w, https:\/\/ainoraivio.fi\/wp-content\/uploads\/2024\/05\/ivy1.jpg 1089w\" sizes=\"auto, (max-width: 697px) 100vw, 697px\" \/><\/figure>\n<\/div>\n<\/details>\n<\/div>\n\n\n\n<div class=\"wp-block-group is-content-justification-center is-nowrap is-layout-flex wp-container-core-group-is-layout-e132ec16 wp-block-group-is-layout-flex\" style=\"margin-top:var(--wp--preset--spacing--20);margin-bottom:var(--wp--preset--spacing--20)\">\n<figure class=\"wp-block-image size-large is-resized has-custom-border\"><img loading=\"lazy\" decoding=\"async\" width=\"2560\" height=\"2560\" src=\"https:\/\/ainoraivio.fi\/wp-content\/uploads\/2024\/05\/IMG_1360-edited-scaled.jpg\" alt=\"\" class=\"wp-image-407\" style=\"border-radius:100px;width:422px;height:auto\" srcset=\"https:\/\/ainoraivio.fi\/wp-content\/uploads\/2024\/05\/IMG_1360-edited-scaled.jpg 2560w, https:\/\/ainoraivio.fi\/wp-content\/uploads\/2024\/05\/IMG_1360-edited-300x300.jpg 300w, https:\/\/ainoraivio.fi\/wp-content\/uploads\/2024\/05\/IMG_1360-edited-1024x1024.jpg 1024w, https:\/\/ainoraivio.fi\/wp-content\/uploads\/2024\/05\/IMG_1360-edited-150x150.jpg 150w, https:\/\/ainoraivio.fi\/wp-content\/uploads\/2024\/05\/IMG_1360-edited-768x768.jpg 768w, https:\/\/ainoraivio.fi\/wp-content\/uploads\/2024\/05\/IMG_1360-edited-1536x1536.jpg 1536w, https:\/\/ainoraivio.fi\/wp-content\/uploads\/2024\/05\/IMG_1360-edited-2048x2048.jpg 2048w\" sizes=\"auto, (max-width: 2560px) 100vw, 2560px\" \/><\/figure>\n\n\n\n<details class=\"wp-block-details has-heading-font-family has-large-font-size wp-container-content-885d38d7 is-layout-flow wp-container-core-details-is-layout-ad1dd0fc wp-block-details-is-layout-flow\" style=\"padding-right:var(--wp--preset--spacing--10);padding-left:var(--wp--preset--spacing--10)\"><summary>Lea &amp; Catch me if you can&#8221;Baby Liebling&#8221;<\/summary>\n<p class=\"has-body-font-family has-medium-font-size\" style=\"padding-top:var(--wp--preset--spacing--20);padding-bottom:var(--wp--preset--spacing--20)\">\u00c4idill\u00e4ni oli Aino valmentajana ex-ravurinsa kanssa usean vuoden ajan, ja me olimme molemmat aina eritt\u00e4in innostuneita h\u00e4nen ty\u00f6skentelyst\u00e4\u00e4n hevosten ja ihmisten kanssa. Vuosi sitten halusin toteuttaa unelmani omasta hevosesta, ja p\u00e4\u00e4tin ostaa yksivuotiaan orin, mutta uskalsin tehd\u00e4 n\u00e4in ilman kokemusta nuorista hevosista vain, koska tiesin, ett\u00e4 minulla olisi Aino rinnallani. H\u00e4n on nyt ty\u00f6skennellyt orini kanssa maastak\u00e4sin usean kuukauden ajan ja olen hyvin vaikuttunut. Aino ty\u00f6skentelee ponini kanssa hyvin tyynesti ja antaa sille niin paljon aikaa ymm\u00e4rt\u00e4\u00e4 kuin se tarvitsee. T\u00e4ysin ilman kovaa painetta tai v\u00e4kivaltaa poniani kohtaan. Ihailen Ainon k\u00e4rsiv\u00e4llisyytt\u00e4, silloinkin kun ponini on itsep\u00e4inen ja ei halua olla yhteisty\u00f6haluinen, Aino saa sen aina puolelleen hell\u00e4ll\u00e4 tavalla. Haluan kiitt\u00e4\u00e4 Ainoa hyvin paljon h\u00e4nen loistavasta ty\u00f6st\u00e4\u00e4n minun ponini kanssa ja toivon, ett\u00e4 minulla on h\u00e4net rinnallani viel\u00e4 monien vuosien ajan, sill\u00e4 kukaan valmentaja ei ty\u00f6skentele niin hevosyst\u00e4v\u00e4llisesti kuin h\u00e4n ja olen hyvin kiitollinen, ett\u00e4 olen tavannut Ainon ja toivon voivani oppia viel\u00e4 paljon lis\u00e4\u00e4 h\u00e4nelt\u00e4!<\/p>\n\n\n\n<p class=\"has-text-align-center has-body-font-family has-small-font-size\"><em><strong>k\u00e4\u00e4nnetty saksasta<\/strong><\/em><\/p>\n<\/details>\n<\/div>\n\n\n\n<div class=\"wp-block-group is-content-justification-center is-nowrap is-layout-flex wp-container-core-group-is-layout-e132ec16 wp-block-group-is-layout-flex\" style=\"margin-top:var(--wp--preset--spacing--20);margin-bottom:var(--wp--preset--spacing--20)\">\n<figure class=\"wp-block-image size-large is-resized has-custom-border\"><img loading=\"lazy\" decoding=\"async\" width=\"1024\" height=\"1024\" src=\"https:\/\/ainoraivio.fi\/wp-content\/uploads\/2024\/05\/IMG_2407-1-edited-1024x1024.jpg\" alt=\"\" class=\"wp-image-445\" style=\"border-radius:100px;width:422px;height:auto\" srcset=\"https:\/\/ainoraivio.fi\/wp-content\/uploads\/2024\/05\/IMG_2407-1-edited-1024x1024.jpg 1024w, https:\/\/ainoraivio.fi\/wp-content\/uploads\/2024\/05\/IMG_2407-1-edited-300x300.jpg 300w, https:\/\/ainoraivio.fi\/wp-content\/uploads\/2024\/05\/IMG_2407-1-edited-150x150.jpg 150w, https:\/\/ainoraivio.fi\/wp-content\/uploads\/2024\/05\/IMG_2407-1-edited-768x768.jpg 768w, https:\/\/ainoraivio.fi\/wp-content\/uploads\/2024\/05\/IMG_2407-1-edited-1536x1536.jpg 1536w, https:\/\/ainoraivio.fi\/wp-content\/uploads\/2024\/05\/IMG_2407-1-edited-2048x2048.jpg 2048w\" sizes=\"auto, (max-width: 1024px) 100vw, 1024px\" \/><\/figure>\n\n\n\n<details class=\"wp-block-details has-heading-font-family has-large-font-size wp-container-content-885d38d7 is-layout-flow wp-container-core-details-is-layout-ad1dd0fc wp-block-details-is-layout-flow\" style=\"padding-right:var(--wp--preset--spacing--10);padding-left:var(--wp--preset--spacing--10)\"><summary>Rike &amp; Johan C. Greenwood<\/summary>\n<p class=\"has-body-font-family has-medium-font-size\" style=\"padding-top:var(--wp--preset--spacing--20);padding-bottom:var(--wp--preset--spacing--20)\">Aino on parasta mit\u00e4 minulle ja hevoselleni saattoi tapahtua. H\u00e4n auttoi meit\u00e4 Saksassa kolmen vuoden ajan ja opetti meille niin paljon. Ja nyt jatkamme et\u00e4valmennuksilla, koska en voisi kuvitella, ett\u00e4 meit\u00e4 valmentaisi kukaan muu.<\/p>\n\n\n\n<p class=\"has-text-align-center has-body-font-family has-small-font-size\"><em><strong>k\u00e4\u00e4nnetty saksasta<\/strong><\/em><\/p>\n<\/details>\n<\/div>\n","protected":false},"excerpt":{"rendered":"","protected":false},"author":1,"featured_media":0,"parent":28,"menu_order":0,"comment_status":"closed","ping_status":"closed","template":"toimivasuomisivu","meta":{"footnotes":""},"class_list":["post-309","page","type-page","status-publish","hentry"],"_links":{"self":[{"href":"https:\/\/ainoraivio.fi\/index.php\/wp-json\/wp\/v2\/pages\/309","targetHints":{"allow":["GET"]}}],"collection":[{"href":"https:\/\/ainoraivio.fi\/index.php\/wp-json\/wp\/v2\/pages"}],"about":[{"href":"https:\/\/ainoraivio.fi\/index.php\/wp-json\/wp\/v2\/types\/page"}],"author":[{"embeddable":true,"href":"https:\/\/ainoraivio.fi\/index.php\/wp-json\/wp\/v2\/users\/1"}],"replies":[{"embeddable":true,"href":"https:\/\/ainoraivio.fi\/index.php\/wp-json\/wp\/v2\/comments?post=309"}],"version-history":[{"count":18,"href":"https:\/\/ainoraivio.fi\/index.php\/wp-json\/wp\/v2\/pages\/309\/revisions"}],"predecessor-version":[{"id":607,"href":"https:\/\/ainoraivio.fi\/index.php\/wp-json\/wp\/v2\/pages\/309\/revisions\/607"}],"up":[{"embeddable":true,"href":"https:\/\/ainoraivio.fi\/index.php\/wp-json\/wp\/v2\/pages\/28"}],"wp:attachment":[{"href":"https:\/\/ainoraivio.fi\/index.php\/wp-json\/wp\/v2\/media?parent=309"}],"curies":[{"name":"wp","href":"https:\/\/api.w.org\/{rel}","templated":true}]}}