{"id":18,"date":"2024-05-21T16:30:18","date_gmt":"2024-05-21T16:30:18","guid":{"rendered":"https:\/\/ainoraivio.fi\/?page_id=18"},"modified":"2024-09-01T12:45:18","modified_gmt":"2024-09-01T12:45:18","slug":"hinnasto","status":"publish","type":"page","link":"https:\/\/ainoraivio.fi\/index.php\/suomi\/hinnasto\/","title":{"rendered":"Hinnasto"},"content":{"rendered":"\n<div class=\"wp-block-group is-layout-flow wp-container-core-group-is-layout-a77db08e wp-block-group-is-layout-flow\">\n<p class=\"has-text-align-center\">Kaikki hinnat sis\u00e4lt\u00e4v\u00e4t arvonlis\u00e4veron 25,5% ja matkakustannukset 25km Jyv\u00e4skyl\u00e4n keskustasta. Ylimenev\u00e4t kilometrit 0,70\u20ac\/km. Kilometrikorvaus jaetaan asiakkaiden kesken, jos heit\u00e4 on useampi.<\/p>\n\n\n\n<p class=\"has-base-2-color has-text-color has-link-color wp-elements-b3c78daeed178b6c15a31b14dd5cfd44\">..<\/p>\n<\/div>\n\n\n\n<div class=\"wp-block-group is-vertical is-layout-flex wp-container-core-group-is-layout-4a6735d8 wp-block-group-is-layout-flex\" style=\"margin-top:0;margin-bottom:0;padding-right:var(--wp--preset--spacing--60);padding-left:var(--wp--preset--spacing--60)\">\n<details class=\"wp-block-details is-style-default has-heading-font-family has-large-font-size is-layout-flow wp-container-core-details-is-layout-a13d81ef wp-block-details-is-layout-flow\" style=\"margin-top:var(--wp--preset--spacing--10);margin-right:var(--wp--preset--spacing--20);margin-bottom:var(--wp--preset--spacing--10);margin-left:var(--wp--preset--spacing--20);font-style:normal;font-weight:500\"><summary>Valmennukset 1h<\/summary>\n<figure class=\"wp-block-table is-style-stripes has-body-font-family has-medium-font-size\"><table><tbody><tr><td class=\"has-text-align-left\" data-align=\"left\">Normaalihinta<\/td><td>70\u20ac<\/td><td><\/td><\/tr><tr><td class=\"has-text-align-left\" data-align=\"left\">S\u00e4\u00e4nn\u00f6lliset asiakkaat<\/td><td>60\u20ac<\/td><td>V\u00e4hint\u00e4\u00e4n 3 kertaa\/kk tai useampi asiakas samalla tallilla.<\/td><\/tr><tr><td class=\"has-text-align-left\" data-align=\"left\"><mark style=\"background-color:rgba(0, 0, 0, 0)\" class=\"has-inline-color has-base-color\">..<\/mark><\/td><td><\/td><td><\/td><\/tr><tr><td class=\"has-text-align-left\" data-align=\"left\">Et\u00e4valmennus<\/td><td>50\u20ac<\/td><td><\/td><\/tr><tr><td class=\"has-text-align-left\" data-align=\"left\">Et\u00e4valmennus, s\u00e4\u00e4nn\u00f6lliset asiakkaat<\/td><td>45\u20ac<\/td><td>V\u00e4hint\u00e4\u00e4n 3 kertaa\/kk<\/td><\/tr><tr><td class=\"has-text-align-left\" data-align=\"left\"><mark style=\"background-color:rgba(0, 0, 0, 0)\" class=\"has-inline-color has-base-color\">..<\/mark><\/td><td><\/td><td><\/td><\/tr><tr><td class=\"has-text-align-left\" data-align=\"left\">Valmennus, 2 asiakasta kerralla<\/td><td>50\u20ac<\/td><td>Hinta per asiakas<\/td><\/tr><tr><td class=\"has-text-align-left\" data-align=\"left\">S\u00e4\u00e4nn\u00f6llinen valmennus, 2 asiakasta kerralla<\/td><td>45\u20ac<\/td><td>Hinta per asiakas, v\u00e4hint\u00e4\u00e4n 3 kertaa\/kk tai useampi valmennus samalla tallilla.<\/td><\/tr><\/tbody><\/table><\/figure>\n<\/details>\n\n\n\n<details class=\"wp-block-details is-style-default has-heading-font-family has-large-font-size is-layout-flow wp-container-core-details-is-layout-a13d81ef wp-block-details-is-layout-flow\" style=\"margin-top:var(--wp--preset--spacing--10);margin-right:var(--wp--preset--spacing--20);margin-bottom:var(--wp--preset--spacing--10);margin-left:var(--wp--preset--spacing--20);font-style:normal;font-weight:500\"><summary>Hevosen koulutus\/ratsutus 1h<\/summary>\n<figure class=\"wp-block-table is-style-stripes has-body-font-family has-medium-font-size\"><table><tbody><tr><td>Normaalihinta<\/td><td>70\u20ac<\/td><td><\/td><\/tr><tr><td>S\u00e4\u00e4nn\u00f6lliset asiakkaat <mark style=\"background-color:rgba(0, 0, 0, 0)\" class=\"has-inline-color has-base-color\">&#8230;&#8230;&#8230;&#8230;&#8230;. &#8230;&#8230;&#8230;&#8230;&#8230;&#8230;<\/mark><\/td><td>60\u20ac<\/td><td>V\u00e4hint\u00e4\u00e4n 3 kertaa\/kk tai useampi asiakas samalla tallilla.<mark style=\"background-color:rgba(0, 0, 0, 0)\" class=\"has-inline-color has-base-color\"> &#8230;&#8230;&#8230; &#8230;&#8230;&#8230;.. &#8230;&#8230;&#8230;&#8230;<\/mark><\/td><\/tr><\/tbody><\/table><\/figure>\n<\/details>\n\n\n\n<details class=\"wp-block-details is-style-default has-heading-font-family has-large-font-size is-layout-flow wp-container-core-details-is-layout-a13d81ef wp-block-details-is-layout-flow\" style=\"margin-top:var(--wp--preset--spacing--10);margin-right:var(--wp--preset--spacing--20);margin-bottom:var(--wp--preset--spacing--10);margin-left:var(--wp--preset--spacing--20);font-style:normal;font-weight:500\"><summary>Hevosen letitys ja siistiminen n. 1,5h<\/summary>\n<figure class=\"wp-block-table is-style-stripes has-body-font-family has-medium-font-size\"><table><tbody><tr><td>Normaalihinta<\/td><td>70\u20ac<\/td><td><\/td><\/tr><tr><td>Useampi hevonen samalla tallilla<mark style=\"background-color:rgba(0, 0, 0, 0)\" class=\"has-inline-color has-base-color\">&#8230;.. .. &#8230;&#8230;&#8230;..<\/mark><\/td><td>60\u20ac<\/td><td><mark style=\"background-color:rgba(0, 0, 0, 0)\" class=\"has-inline-color has-base-color\">. &#8230;&#8230;&#8230;&#8230;&#8230;&#8230;&#8230; &#8230;&#8230;&#8230;&#8230;&#8230;&#8230;&#8230;&#8230;&#8230;&#8230; &#8230;&#8230;&#8230;&#8230;&#8230;&#8230;&#8230;&#8230;&#8230;&#8230;&#8230; &#8230;&#8230;&#8230;&#8230;&#8230;. &#8230;&#8230;&#8230;&#8230;&#8230;&#8230;&#8230;&#8230;..<\/mark><\/td><\/tr><\/tbody><\/table><\/figure>\n<\/details>\n\n\n\n<details class=\"wp-block-details is-style-default has-heading-font-family has-large-font-size is-layout-flow wp-container-core-details-is-layout-a13d81ef wp-block-details-is-layout-flow\" style=\"margin-top:var(--wp--preset--spacing--10);margin-right:var(--wp--preset--spacing--20);margin-bottom:var(--wp--preset--spacing--10);margin-left:var(--wp--preset--spacing--20);font-style:normal;font-weight:500\"><summary>Yrityksille<\/summary>\n<figure class=\"wp-block-table is-style-stripes has-body-font-family has-medium-font-size\"><table><tbody><tr><td>Ratsastustuntien pito, hevosten koulutus, hevosenhoitokurssit<\/td><td><\/td><\/tr><tr><td>Alkaen 45\u20ac\/tunti (sis. alv.), pyyd\u00e4 tarjous!<\/td><td><\/td><\/tr><tr><td>Hinta perustuu palvelun tarpeen m\u00e4\u00e4r\u00e4\u00e4n, s\u00e4\u00e4nn\u00f6llisyyteen ja jatkuvuuteen.<\/td><td><\/td><\/tr><\/tbody><\/table><\/figure>\n<\/details>\n\n\n\n<details class=\"wp-block-details is-style-default has-heading-font-family has-large-font-size is-layout-flow wp-container-core-details-is-layout-a13d81ef wp-block-details-is-layout-flow\" style=\"margin-top:var(--wp--preset--spacing--10);margin-right:var(--wp--preset--spacing--20);margin-bottom:var(--wp--preset--spacing--10);margin-left:var(--wp--preset--spacing--20);font-style:normal;font-weight:500\"><summary>Peruutukset<\/summary>\n<figure class=\"wp-block-table is-style-stripes has-body-font-family has-medium-font-size\"><table><tbody><tr><td>Peruutukset tulee ilmoittaa mahdollisimman pian kirjallisesti tekstiviestill\u00e4\/whatsapissa.<\/td><td><\/td><\/tr><tr><td>Yli 24 tuntia ennen sovittua aikaa tehdyt peruutukset ilman kustannuksia.<\/td><td><\/td><\/tr><tr><td>8-24 tuntia ennen sovittua aikaa tehdyist\u00e4 peruutuksista perit\u00e4\u00e4n 50% hinnaston mukaisesta maksusta<\/td><td><\/td><\/tr><tr><td>4-8 tuntia ennen sovittua aikaa tehdyist\u00e4 peruutuksista perit\u00e4\u00e4n 75% hinnaston mukaisesta maksusta.<\/td><td><\/td><\/tr><tr><td>Alle 4 tuntia ennen sovittua aikaa tehdyist\u00e4 peruutuksista perit\u00e4\u00e4n hinnaston mukainen maksu.<\/td><td><\/td><\/tr><tr><td>Asiakkaan tai hevosen todistetusta \u00e4killisest\u00e4 sairastumisesta tai loukkaantumisesta johtuvista peruutuksista ei perit\u00e4 maksua.<\/td><td><\/td><\/tr><\/tbody><\/table><\/figure>\n<\/details>\n<\/div>\n\n\n\n<p class=\"has-base-2-color has-text-color has-link-color wp-elements-b3c78daeed178b6c15a31b14dd5cfd44\">..<\/p>\n\n\n\n<div class=\"wp-block-group is-vertical is-content-justification-stretch is-layout-flex wp-container-core-group-is-layout-9bd21984 wp-block-group-is-layout-flex\" style=\"margin-top:0;margin-bottom:0;padding-right:var(--wp--preset--spacing--60);padding-left:var(--wp--preset--spacing--60)\">\n<div class=\"wp-block-group is-content-justification-center is-nowrap is-layout-flex wp-container-core-group-is-layout-b3541762 wp-block-group-is-layout-flex\" style=\"padding-right:0;padding-left:0\">\n<figure class=\"wp-block-image size-large is-resized has-custom-border\"><img loading=\"lazy\" decoding=\"async\" width=\"1024\" height=\"684\" src=\"https:\/\/ainoraivio.fi\/wp-content\/uploads\/2024\/05\/IMG_0023-1024x684.jpg\" alt=\"\" class=\"wp-image-103\" style=\"border-radius:100px;aspect-ratio:1;object-fit:cover;width:325px;height:auto\" srcset=\"https:\/\/ainoraivio.fi\/wp-content\/uploads\/2024\/05\/IMG_0023-1024x684.jpg 1024w, https:\/\/ainoraivio.fi\/wp-content\/uploads\/2024\/05\/IMG_0023-300x200.jpg 300w, https:\/\/ainoraivio.fi\/wp-content\/uploads\/2024\/05\/IMG_0023-768x513.jpg 768w, https:\/\/ainoraivio.fi\/wp-content\/uploads\/2024\/05\/IMG_0023-1536x1025.jpg 1536w, https:\/\/ainoraivio.fi\/wp-content\/uploads\/2024\/05\/IMG_0023-2048x1367.jpg 2048w\" sizes=\"auto, (max-width: 1024px) 100vw, 1024px\" \/><\/figure>\n\n\n\n<figure class=\"wp-block-image size-large is-resized has-custom-border\"><img loading=\"lazy\" decoding=\"async\" width=\"1024\" height=\"683\" src=\"https:\/\/ainoraivio.fi\/wp-content\/uploads\/2024\/05\/DSC_0833-1024x683.jpg\" alt=\"\" class=\"wp-image-102\" style=\"border-radius:100px;aspect-ratio:1;object-fit:cover;width:325px\" srcset=\"https:\/\/ainoraivio.fi\/wp-content\/uploads\/2024\/05\/DSC_0833-1024x683.jpg 1024w, https:\/\/ainoraivio.fi\/wp-content\/uploads\/2024\/05\/DSC_0833-300x200.jpg 300w, https:\/\/ainoraivio.fi\/wp-content\/uploads\/2024\/05\/DSC_0833-768x512.jpg 768w, https:\/\/ainoraivio.fi\/wp-content\/uploads\/2024\/05\/DSC_0833-1536x1024.jpg 1536w, https:\/\/ainoraivio.fi\/wp-content\/uploads\/2024\/05\/DSC_0833-2048x1365.jpg 2048w\" sizes=\"auto, (max-width: 1024px) 100vw, 1024px\" \/><\/figure>\n\n\n\n<figure class=\"wp-block-image size-large is-resized has-custom-border\"><img loading=\"lazy\" decoding=\"async\" width=\"1024\" height=\"569\" src=\"https:\/\/ainoraivio.fi\/wp-content\/uploads\/2024\/05\/otsake-1024x569.jpg\" alt=\"\" class=\"wp-image-86\" style=\"border-radius:100px;aspect-ratio:1;object-fit:cover;width:325px\" srcset=\"https:\/\/ainoraivio.fi\/wp-content\/uploads\/2024\/05\/otsake-1024x569.jpg 1024w, https:\/\/ainoraivio.fi\/wp-content\/uploads\/2024\/05\/otsake-300x167.jpg 300w, https:\/\/ainoraivio.fi\/wp-content\/uploads\/2024\/05\/otsake-768x427.jpg 768w, https:\/\/ainoraivio.fi\/wp-content\/uploads\/2024\/05\/otsake-1536x853.jpg 1536w, https:\/\/ainoraivio.fi\/wp-content\/uploads\/2024\/05\/otsake.jpg 1791w\" sizes=\"auto, (max-width: 1024px) 100vw, 1024px\" \/><\/figure>\n<\/div>\n<\/div>\n\n\n\n<div class=\"wp-block-group is-vertical is-content-justification-stretch is-layout-flex wp-container-core-group-is-layout-9bd21984 wp-block-group-is-layout-flex\" style=\"margin-top:0;margin-bottom:0;padding-right:var(--wp--preset--spacing--60);padding-left:var(--wp--preset--spacing--60)\">\n<p class=\"has-base-2-color has-text-color has-link-color wp-elements-b3c78daeed178b6c15a31b14dd5cfd44\">..<\/p>\n<\/div>\n","protected":false},"excerpt":{"rendered":"<p>Kaikki hinnat sis\u00e4lt\u00e4v\u00e4t arvonlis\u00e4veron 25,5% ja matkakustannukset 25km Jyv\u00e4skyl\u00e4n keskustasta. Ylimenev\u00e4t kilometrit 0,70\u20ac\/km. Kilometrikorvaus jaetaan asiakkaiden kesken, jos heit\u00e4 on useampi. .. .. ..<\/p>\n","protected":false},"author":1,"featured_media":0,"parent":28,"menu_order":0,"comment_status":"closed","ping_status":"closed","template":"toimivasuomisivu","meta":{"footnotes":""},"class_list":["post-18","page","type-page","status-publish","hentry"],"_links":{"self":[{"href":"https:\/\/ainoraivio.fi\/index.php\/wp-json\/wp\/v2\/pages\/18","targetHints":{"allow":["GET"]}}],"collection":[{"href":"https:\/\/ainoraivio.fi\/index.php\/wp-json\/wp\/v2\/pages"}],"about":[{"href":"https:\/\/ainoraivio.fi\/index.php\/wp-json\/wp\/v2\/types\/page"}],"author":[{"embeddable":true,"href":"https:\/\/ainoraivio.fi\/index.php\/wp-json\/wp\/v2\/users\/1"}],"replies":[{"embeddable":true,"href":"https:\/\/ainoraivio.fi\/index.php\/wp-json\/wp\/v2\/comments?post=18"}],"version-history":[{"count":30,"href":"https:\/\/ainoraivio.fi\/index.php\/wp-json\/wp\/v2\/pages\/18\/revisions"}],"predecessor-version":[{"id":549,"href":"https:\/\/ainoraivio.fi\/index.php\/wp-json\/wp\/v2\/pages\/18\/revisions\/549"}],"up":[{"embeddable":true,"href":"https:\/\/ainoraivio.fi\/index.php\/wp-json\/wp\/v2\/pages\/28"}],"wp:attachment":[{"href":"https:\/\/ainoraivio.fi\/index.php\/wp-json\/wp\/v2\/media?parent=18"}],"curies":[{"name":"wp","href":"https:\/\/api.w.org\/{rel}","templated":true}]}}